?
-37
In base 7, what is -1 + -2210?
-2211
In base 11, what is -132 + -93?
-215
In base 3, what is 2202 - 2012?
120
In base 6, what is 3135 - -4?
3143
In base 10, what is 27 - -5?
32
In base 6, what is 222443 - 4?
222435
In base 12, what is 0 - -22b?
22b
In base 2, what is -11110101 - 100?
-11111001
In base 9, what is -3 + 62?
58
In base 7, what is -11051 - 4?
-11055
In base 12, what is -7b + 0?
-7b
In base 10, what is -5 + -2901?
-2906
In base 16, what is 156 + 5?
15b
In base 11, what is -2 + -1449?
-1450
In base 16, what is -59 - -20?
-39
In base 14, what is 0 + -6?
-6
In base 9, what is 11 + -13?
-2
In base 5, what is -2124 + 1?
-2123
In base 8, what is 4605 + -4?
4601
In base 14, what is -2 - a4?
-a6
In base 5, what is 40003 + -1?
40002
In base 15, what is -168 + 3?
-165
In base 3, what is 2 - 1011221?
-1011212
In base 10, what is 40 + -20?
20
In base 4, what is 1 + -3?
-2
In base 6, what is -11023 - -3?
-11020
In base 11, what is 4 - -3750?
3754
In base 7, what is 4 - -22?
26
In base 15, what is -2 - b5?
-b7
In base 5, what is 4 + 44?
103
In base 3, what is 2202 - 2?
2200
In base 2, what is -10101 + 10001?
-100
In base 12, what is 4 + 195?
199
In base 4, what is -2113212 - -1?
-2113211
In base 7, what is -2 + 134?
132
In base 15, what is -280 - d?
-28d
In base 6, what is 2 + -100?
-54
In base 16, what is 3 + 26c?
26f
In base 15, what is 7b + 1?
7c
In base 10, what is 5 - -7?
12
In base 14, what is 60 + 13?
73
In base 7, what is -2 - -2436?
2434
In base 16, what is -c + e4?
d8
In base 4, what is 1 + 3212?
3213
In base 14, what is 5 + 90?
95
In base 5, what is -24 + 1033?
1004
In base 8, what is -3 - -1241?
1236
In base 16, what is -2f + 0?
-2f
In base 7, what is 331 + -101?
230
In base 6, what is -1 + -2012?
-2013
In base 3, what is -2 + -2010?
-2012
In base 6, what is 11124 + -3?
11121
In base 16, what is -3a + 10?
-2a
In base 9, what is 707 - 0?
707
In base 15, what is c4 - 4?
c0
In base 16, what is b - -469?
474
In base 15, what is -40 - -2?
-3d
In base 7, what is 3 + -252?
-246
In base 16, what is a79 + 0?
a79
In base 14, what is -9 + 66?
5b
In base 4, what is 2103 - 3?
2100
In base 6, what is -2015 + -1?
-2020
In base 4, what is -2 + -231033?
-231101
In base 13, what is 3 + -29?
-26
In base 4, what is 1 - -1102010?
1102011
In base 4, what is -10 + 10222?
10212
In base 11, what is -84 + 9?
-76
In base 16, what is -4 + -13?
-17
In base 5, what is 120333 + 0?
120333
In base 9, what is 1 + 623?
624
In base 11, what is -a + 294?
285
In base 14, what is 395 - -3?
398
In base 9, what is -41 - -7?
-33
In base 6, what is -3 + 343?
340
In base 15, what is -22 - 8?
-2a
In base 10, what is -5784 + 3?
-5781
In base 9, what is 5 + 1413?
1418
In base 10, what is -2357 + 3?
-2354
In base 7, what is 2623 - 5?
2615
In base 16, what is -d + -e?
-1b
In base 13, what is -a3 + -67?
-13a
In base 13, what is -1cc8 - -2?
-1cc6
In base 12, what is -260 - -2?
-25a
In base 5, what is 440 - -4?
444
In base 12, what is -3 - 836?
-839
In base 14, what is -673 + -8?
-67b
In base 14, what is -17b8 + 3?
-17b5
In base 9, what is 5 + -4?
1
In base 12, what is 2 - -193?
195
In base 15, what is 2 - 692?
-690
In base 11, what is -88 + 9?
-7a
In base 10, what is -7 - -560?
553
In base 2, what is -11111 - 10010?
-110001
In base 14, what is 1 - 36?
-35
In base 3, what is 201 - -1010?
1211
In base 15, what is 2c - 3?
29
In base 16, what is 1 - -4?
5
In base 15, what is 110 - -1?
111
In base 9, what is 51 - -1?
52
In base 14, what is -b - -72?
65
In base 3, what is -111121 + 1?
-111120
In base 5, what is 3 - -1430?
1433
In base 2, what is -10000 - -10101?
101
In base 14, what is -15 + 9?
-a
In base 14, what is -5 + 2b?
26
In base 12, what is 17 + -12?
5
In base 9, what is 524 + 11?
535
In base 10, what is -16 + 84?
68
In base 11, what is -4 - 0?
-4
In base 2, what is 1 + -10000010?
-10000001
In base 16, what is f - -73?
82
In base 5, what is 4304 + -33?
4221
In base 12, what is 129 - -3?
130
In base 15, what is 0 + -28?
-28
In base 9, what is -7 - 1763?
-1771
In base 6, what is 4 - -154?
202
In base 6, what is -31 - 0?
-31
In base 2, what is 1010 - 0?
1010
In base 5, what is 4 + 442?
1001
In base 4, what is 120 + 122?
302
In base 4, what is -10 + 31200?
31130
In base 7, what is 4 + -23150?
-23143
In base 4, what is 0 + 10013?
10013
In base 10, what is -497 + -3?
-500
In base 10, what is -39 + 4?
-35
In base 12, what is 712 + 1?
713
In base 7, what is 5 - 12240?
-12232
In base 6, what is 4 - 10?
-2
In base 8, what is -237 + -23?
-262
In base 4, what is 31 - 13?
12
In base 7, what is -2 + 266?
264
In base 7, what is -3 + 43?
40
In base 13, what is -1 + 3565?
3564
In base 9, what is -2 + 126?
124
In base 11, what is 2 - -791?
793
In base 6, what is 3004 + -1?
3003
In base 6, what is 332 - 14?
314
In base 12, what is 6 - -74?
7a
In base 12, what is -12a + 3?
-127
In base 6, what is -2553 - -1?
-2552
In base 9, what is 1474 - -5?
1480
In base 13, what is 5 + -443?
-43b
In base 2, what is -11010 - 1000101001?
-1001000011
In base 16, what is 2 - -29?
2b
In base 6, what is -21 + -342?
-403
In base 15, what is 3 - -51e?
522
In base 2, what is -101 + -101110000?
-101110101
In base 2, what is -100 + -11100111?
-11101011
In base 4, what is -323033 - -2?
-323031
In base 3, what is 102201 - 101?
102100
In base 16, what is -a8d + f?
-a7e
In base 5, what is -10 - -123?
113
In base 14, what is -4 - -5cc?
5c8
In base 2, what is 10010 + -1001100?
-111010
In base 8, what is -65 - 17?
-104
In base 3, what is -100010 - 22?
-100102
In base 9, what is -1 - -73?
72
In base 8, what is 0 - -2057?
2057
In base 3, what is 10220221 - 11?
10220210
In base 16, what is 7 - -71?
78
In base 3, what is -10002002 + 1?
-10002001
In base 3, what is -10 + -2011?
-2021
In base 3, what is 2011202 - -11?
2011220
In base 10, what is 861 + 15?
876
In base 4, what is 10 - -112?
122
In base 7, what is 24240 - -3?
24243
In base 9, what is -1 - -1745?
1744
In base 6, what is 2 + 111122?
111124
In base 8, what is 26 - 337?
-311
In base 10, what is 2 + 457?
459
In base 12, what is 3 + -7?
-4
In base 7, what is 442 - 12?
430
In base 2, what is -111 + -11001?
-100000
In base 4, what is 1201 - 103?
1032
In base 4, what is 1103011 + 1?
1103012
In base 6, what is 54554 + 0?
54554
In base 11, what is -314 + -2?
-316
In base 11, what is 2a + 5?
34
In base 7, what is 34 - -35?
102
In base 5, what is -1100 + 3?
-1042
In base 9, what is -3 - -58?
55
In base 2, what is 10 + 11001111?
11010001
In base 13, what is -40 - -2c?
-11
In base 2, what is 1001111 - -1000?
1010111
In base 15, what is -3 + 222?
21e
In base 6, what is -403 - -1?
-402
In base 12, what is 16 + 2?
18
In base 9, what is 5 - -468?
474
In base 11, what is -1a - 69?
-88
In base 3, what is -110002101 + -10?
-110002111
In base 3, what is -1001 - -12?
-212
In base 12, what is 635 + 3?
638
In base 14, what is -1b - -5?
-16
In base 7, what is 3260 + -4?
3253
In base 4, what is 22021 + -3?
22012
In base 6, what is 5 - -1?
10
In base 3, what is 100 - 102?
-2
In base 13, what is 68 + 14?
7c
In base 11, what is 2 + -73?
-71
In base 4, what is 321 - 3?
312
In base 12, what is -50 + -17?
-67
In base 16, what is 2ab - -2?
2ad
In base 3, what is 100 - -1?
101
In base 3, what is -1 + -1112002?
-1112010
In base 4, what is 30 + 3332?
10022
In base 5, what is -1 + 1241?
1240
In base 12, what is 3 - 361?
-35a
In base 3, what is -102122112 - 0?
-102122112
In base 12, what is 1 - -2b?
30
In base 6, what is -32 - 3?
-35
In base 4, what is -1 - 100?
-101
In base 5, what is 12 + 123?
140
In base 4, what is 10 + 100321?
100331
In base 15, what is -22e + -5?
-234
In base 7, what is 610 - 3?
604
In base 5, what is 1 - 1020?
-1014
In base 7, what is 10 + 22?
32
In base 13, what is 4c2 + -3?
4bc
In base 15, what is -b + -153?
-15e
In base 15, what is -1 + -b?
-c
In base 10, what is -6 - -10?
4
In base 9, what is 43846 + -5?
43841
In base 6, what is -25 + -3?
-32
In base 7, what is 5 + -121?
-113
In base 6, what is -2 - 303?
-305
In base 11, what is -591 + a?
-582
In base 14, what is -919 - -5?
-914
In base 4, what is -1010 - 1132?
-2202
In base 11, what is 121 - 3?
119
In base 2, what is -10 - -110?
100
In base 7, what is 14233 + 0?
14233
In base 9, what is -410 + -3?
-413
In base 8, what is 4 - -